f 1515?
1
What is the tens digit of 906?
0
What is the thousands digit of 30354?
0
What is the ten thousands digit of 44649?
4
What is the tens digit of 2346?
4
What is the hundreds digit of 81203?
2
What is the tens digit of 1228?
2
What is the units digit of 29138?
8
What is the thousands digit of 29478?
9
What is the thousands digit of 2129?
2
What is the ten thousands digit of 103758?
0
What is the hundreds digit of 32099?
0
What is the hundreds digit of 148068?
0
What is the tens digit of 495?
9
What is the hundreds digit of 890?
8
What is the tens digit of 47004?
0
What is the tens digit of 595?
9
What is the tens digit of 480?
8
What is the units digit of 1329?
9
What is the ten thousands digit of 10058?
1
What is the hundreds digit of 1098?
0
What is the hundreds digit of 1874?
8
What is the tens digit of 3152?
5
What is the tens digit of 5933?
3
What is the tens digit of 7216?
1
What is the tens digit of 2704?
0
What is the units digit of 8384?
4
What is the tens digit of 2967?
6
What is the hundreds digit of 18614?
6
What is the hundreds digit of 2814?
8
What is the units digit of 2669?
9
What is the units digit of 835?
5
What is the hundreds digit of 11115?
1
What is the ten thousands digit of 55296?
5
What is the thousands digit of 1191?
1
What is the hundreds digit of 669?
6
What is the hundreds digit of 524?
5
What is the hundreds digit of 960?
9
What is the thousands digit of 5526?
5
What is the thousands digit of 3213?
3
What is the thousands digit of 1673?
1
What is the units digit of 3863?
3
What is the thousands digit of 44863?
4
What is the thousands digit of 2472?
2
What is the tens digit of 1023?
2
What is the hundreds digit of 181?
1
What is the tens digit of 2687?
8
What is the hundreds digit of 558?
5
What is the ten thousands digit of 35842?
3
What is the thousands digit of 20320?
0
What is the thousands digit of 1127?
1
What is the ten thousands digit of 10051?
1
What is the units digit of 3447?
7
What is the units digit of 852?
2
What is the units digit of 12?
2
What is the units digit of 8159?
9
What is the units digit of 1915?
5
What is the units digit of 1894?
4
What is the tens digit of 1992?
9
What is the units digit of 3312?
2
What is the units digit of 11961?
1
What is the tens digit of 2173?
7
What is the thousands digit of 7357?
7
What is the tens digit of 18279?
7
What is the hundreds digit of 7552?
5
What is the tens digit of 138?
3
What is the units digit of 205?
5
What is the tens digit of 3923?
2
What is the tens digit of 4587?
8
What is the hundreds digit of 990?
9
What is the hundreds digit of 3052?
0
What is the tens digit of 64?
6
What is the hundreds digit of 789?
7
What is the hundreds digit of 6931?
9
What is the hundreds digit of 167135?
1
What is the hundreds digit of 42706?
7
What is the tens digit of 26893?
9
What is the tens digit of 1246?
4
What is the units digit of 5281?
1
What is the thousands digit of 7422?
7
What is the units digit of 595?
5
What is the tens digit of 11211?
1
What is the units digit of 2664?
4
What is the units digit of 25351?
1
What is the thousands digit of 2042?
2
What is the hundreds digit of 18266?
2
What is the thousands digit of 24429?
4
What is the tens digit of 4829?
2
What is the ten thousands digit of 76211?
7
What is the tens digit of 676?
7
What is the units digit of 687?
7
What is the ten thousands digit of 18676?
1
What is the units digit of 28632?
2
What is the hundreds digit of 6416?
4
What is the hundred thousands digit of 118267?
1
What is the units digit of 63?
3
What is the hundreds digit of 1280?
2
What is the tens digit of 4784?
8
What is the units digit of 20254?
4
What is the tens digit of 4324?
2
What is the units digit of 9424?
4
What is the hundreds digit of 69059?
0
What is the units digit of 67537?
7
What is the tens digit of 12967?
6
What is the thousands digit of 4347?
4
What is the hundreds digit of 8650?
6
What is the thousands digit of 8504?
8
What is the ten thousands digit of 30357?
3
What is the tens digit of 9160?
6
What is the units digit of 53557?
7
What is the hundreds digit of 6298?
2
What is the units digit of 733?
3
What is the tens digit of 4123?
2
What is the ten thousands digit of 22409?
2
What is the ten thousands digit of 46701?
4
What is the tens digit of 930?
3
What is the tens digit of 6510?
1
What is the tens digit of 37967?
6
What is the units digit of 18038?
8
What is the units digit of 111402?
2
What is the tens digit of 5553?
5
What is the tens digit of 55584?
8
What is the units digit of 1575?
5
What is the hundreds digit of 7994?
9
What is the tens digit of 38675?
7
What is the tens digit of 2468?
6
What is the units digit of 69545?
5
What is the tens digit of 452?
5
What is the thousands digit of 3577?
3
What is the units digit of 20915?
5
What is the thousands digit of 28419?
8
What is the tens digit of 11133?
3
What is the tens digit of 629?
2
What is the tens digit of 3725?
2
What is the units digit of 7988?
8
What is the ten thousands digit of 73887?
7
What is the thousands digit of 3127?
3
What is the thousands digit of 2751?
2
What is the hundreds digit of 20942?
9
What is the ten thousands digit of 31626?
3
What is the hundreds digit of 10811?
8
What is the tens digit of 7578?
7
What is the thousands digit of 1414?
1
What is the thousands digit of 2051?
2
What is the hundreds digit of 33271?
2
What is the thousands digit of 56582?
6
What is the units digit of 23408?
8
What is the units digit of 233?
3
What is the units digit of 27952?
2
What is the ten thousands digit of 31327?
3
What is the ten thousands digit of 32181?
3
What is the units digit of 895?
5
What is the thousands digit of 2369?
2
What is the tens digit of 2201?
0
What is the thousands digit of 2273?
2
What is the tens digit of 2343?
4
What is the units digit of 4345?
5
What is the ten thousands digit of 11077?
1
What is the hundreds digit of 746?
7
What is the hundreds digit of 8456?
4
What is the tens digit of 30?
3
What is the hundreds digit of 8698?
6
What is the tens digit of 57545?
4
What is the hundreds digit of 46101?
1
What is the ten thousands digit of 16423?
1
What is the units digit of 729?
9
What is the hundreds digit of 1422?
4
What is the units digit of 110349?
9
What is the units digit of 4234?
4
What is the hundred thousands digit of 110151?
1
What is the tens digit of 5626?
2
What is the units digit of 430?
0
What is the hundreds digit of 615?
6
What is the tens digit of 33340?
4
What is the tens digit of 49?
4
What is the hundreds digit of 3361?
3
What is the thousands digit of 2487?
2
What is the units digit of 14534?
4
What is the tens digit of 668?
6
What is the ten thousands digit of 16897?
1
What is the ten thousands digit of 52092?
5
What is the thousands digit of 11428?
1
What is the tens digit of 22406?
0
What is the hundreds digit of 6144?
1
What is the hundreds digit of 71952?
9
What is the ten thousands digit of 21097?
2
What is the hundreds digit of 7795?
7
What is the thousands digit of 4196?
4
What is the thousands digit of 14779?
4
What is the hundreds digit of 11185?
1
What is the thousands digit of 7698?
7
What is the thousands digit of 1080?
1
What is the tens digit of 8228?
2
What is the units digit of 1476?
6
What is the units digit of 34775?
5
What is the thousands digit of 20264?
0
What is the units digit of 81912?
2
What is the hundreds digit of 6134?
1
What is the hundreds digit of 3361?
3
What is the hundreds digit of 35066?
0
What is the hundreds digit of 13946?
9
What is the hundreds digit of 67070?
0
What is the units digit of 794?
4
What is the units digit of 217?
7
What is the tens digit of 1266?
6
What is the tens digit of 8247?
4
What is the thousands digit of 113350?
3
What is the tens digit of 28732?
3
What is the ten thousands digit of 44679?
4
What is the hundreds digit of 1924?
9
What is the thousands digit of 7958?
7
What is the thousands digit of 17879?
7
What is the hundreds digit of 2185?
1
What is the tens digit of 662?
6
What is the tens digit of 128?
2
What is the hundreds digit of 566?
5
What is the hundreds digit of 21475?
4
What is the tens digit of 21?
2
What is the ten thousands digit of 135398?
3
What is the thousands digit of 1656?
1
What is the hundreds digit of 